 - 295. Determine b(-8).
17
Let l(b) = -32*b + 955. Calculate l(9).
667
Let r(h) = 25*h + 148. Give r(-7).
-27
Let q(c) = -2*c**3 + 2*c**2 + 6*c - 30. Calculate q(5).
-200
Let d(w) = -w**3 - 20*w**2 + 28*w - 52. Calculate d(-21).
-199
Let p(s) = 602*s + 613. What is p(-1)?
11
Let p(l) = -197*l - 4331. Determine p(-22).
3
Let i(a) = -7*a**3 + 10*a**2 - 18*a. What is i(3)?
-153
Let w(y) = 2*y**3 - 95*y**2 + 39*y - 66. Calculate w(47).
-442
Let p(v) = -9*v**2 + 522*v + 68. What is p(58)?
68
Let u(h) = h**3 - 7*h**2 + 35*h + 1. What is u(0)?
1
Let k(p) = p**2 - 36*p + 423. Give k(26).
163
Let n(m) = m**3 + 2*m**2 - 2*m - 5. Calculate n(-1).
-2
Let x(i) = i**3 - 14*i + 14. Give x(-5).
-41
Let c(d) = d**2 - 20*d + 405. What is c(23)?
474
Let b(s) = -4*s**2 - 1133*s + 4519. Determine b(4).
-77
Let d(g) = 1807*g - 8965. Determine d(5).
70
Let v(w) = w**3 - 28*w**2 + 52*w + 42. Calculate v(26).
42
Let w(l) = -100*l - 1805. What is w(-18)?
-5
Let z(s) = -293*s - 7615. Give z(-26).
3
Let r(t) = -2*t**2 - 20*t + 682. Calculate r(-24).
10
Let y(v) = v**3 + 128*v**2 + 1495*v - 8. Determine y(-115).
-8
Let n(m) = -m**2 - 57*m - 643. Give n(-16).
13
Let w(n) = -n**2 - n + 732. What is w(21)?
270
Let h(i) = i**3 - 15*i**2 + 43*i + 36. Give h(12).
120
Let m(w) = -63*w**2 - 52*w - 55. Calculate m(-1).
-66
Let q(s) = -3*s**2 - 24*s - 36. What is q(-6)?
0
Let s(v) = -v**3 - 8*v**2 + 94*v + 15. Determine s(-12).
-537
Let m(s) = s**3 + 85*s**2 + 323*s - 86. Determine m(-81).
-5
Let r(o) = o**2 + 9*o + 45. Give r(-7).
31
Let t(k) = -79*k + 542. Determine t(5).
147
Let l(f) = -f**2 - f + 160. Calculate l(12).
4
Let y(w) = -581*w - 16861. Determine y(-29).
-12
Let p(z) = -24*z - 3271. Determine p(-137).
17
Let m(r) = 3*r**2 - 27*r - 2. Determine m(4).
-62
Let v(n) = -n**3 + 151*n**2 - 244*n - 8025. Calculate v(149).
21
Let u(v) = -v**2 - 8*v + 541. Calculate u(19).
28
Let m(p) = -50*p + 69. What is m(2)?
-31
Let l(i) = -2*i**2 - 5*i + 8. What is l(8)?
-160
Let c(w) = -295*w + 919. Give c(4).
-261
Let f(b) = 3425*b + 13702. Calculate f(-4).
2
Let r(h) = 323*h + 4201. Calculate r(-13).
2
Let g(p) = p**3 + 7*p**2 - 5*p + 13. What is g(0)?
13
Let r(u) = -699*u + 58729. Give r(84).
13
Let j(z) = z + 101. Determine j(4).
105
Let m(a) = -754*a + 4537. Determine m(6).
13
Let u(j) = j**3 - 5*j**2 + 6*j + 20. Determine u(5).
50
Let f(x) = x**3 + 7*x**2 + 30. Determine f(-5).
80
Let u(f) = -39*f + 50. Calculate u(-2).
128
Let m(j) = -j**3 - 11*j**2 - 54*j - 127. What is m(-5)?
-7
Let i(s) = 69*s - 1039. Determine i(15).
-4
Let a(n) = 124*n - 47. Give a(1).
77
Let r(h) = -31*h**3 - 192*h**2 - 33*h + 9. Give r(-6).
-9
Let q(w) = -133*w + 1086. What is q(8)?
22
Let p(l) = 5442*l - 59864. Determine p(11).
-2
Let g(k) = 2*k**3 - k**2 + 5*k + 62. Determine g(0).
62
Let z(d) = 16*d + 55. What is z(0)?
55
Let r(x) = -167*x - 694. What is r(-7)?
475
Let g(m) = -776*m + 2327. What is g(3)?
-1
Let m(w) = 24*w + 247. What is m(-6)?
103
Let w(x) = -27*x - 1977. Give w(-74).
21
Let s(v) = -280*v + 222. Determine s(1).
-58
Let c(y) = 37*y**2 - 950*y - 312. Give c(26).
0
Let a(c) = -21*c + 93. Determine a(5).
-12
Let n(h) = -143*h + 1059. Give n(7).
58
Let z(i) = -30*i**2 + 185*i - 22. Give z(6).
8
Let v(h) = h**2 + 6*h + 3. Determine v(2).
19
Let d(m) = -1940*m + 40748. Give d(21).
8
Let p(h) = -3*h**3 + 43*h**2 - 15*h - 20. Determine p(14).
-34
Let q(s) = -18*s**2 - 159*s + 163. What is q(-11)?
-266
Let v(r) = 707*r + 3544. Determine v(-5).
9
Let z(i) = -43*i + 70. Calculate z(3).
-59
Let j(r) = -3*r**3 - 16*r**2 - 42*r + 3. Give j(-5).
188
Let d(r) = -r**2 + 41*r - 367. Give d(14).
11
Let t(f) = f**2 + 23*f - 529. Calculate t(-37).
-11
Let o(c) = c**3 - 12*c**2 + 57*c - 384. What is o(10)?
-14
Let b(h) = 319*h + 75916. What is b(-238)?
-6
Let t(a) = a**3 - 5*a**2 + 80*a - 555. What is t(6)?
-39
Let n(u) = -41*u**3 + 202*u**2 + 12*u + 14. Calculate n(5).
-1
Let l(n) = -41*n - 944. Calculate l(-23).
-1
Let x(f) = -f**3 - 8*f**2 - 10*f + 26. What is x(-6)?
14
Let y(b) = b**3 + 3*b**2 + 95*b + 1342. Determine y(-9).
1
Let g(l) = l**2 + 15*l - 242. Determine g(11).
44
Let n(k) = -k**2 + 118*k - 3297. Give n(46).
15
Let g(a) = 138*a**3 + 6*a - 5. What is g(1)?
139
Let h(t) = 3*t**2 + 17*t - 4. Give h(-6).
2
Let m(p) = 44*p**2 - 9193*p - 600. Determine m(209).
27
Let q(y) = y**2 + 109*y - 580. Give q(5).
-10
Let m(x) = -x**3 - 105*x**2 + 111*x + 534. What is m(-106)?
4
Let a(b) = -10*b**2 + 107*b + 110. Determine a(11).
77
Let z(g) = 652*g - 7179. Calculate z(11).
-7
Let n(h) = -5*h**3 - 386*h**2 - 76*h + 34. Determine n(-77).
-43
Let d(q) = 79*q + 946. What is d(-12)?
-2
Let x(q) = 2*q**2 + 141*q - 207. Calculate x(-72).
9
Let g(b) = -107*b - 970. Determine g(-9).
-7
Let f(r) = r**3 + 18*r**2 + 12*r + 564. Calculate f(-19).
-25
Let v(r) = r**2 + 9*r - 33. Give v(-9).
-33
Let v(a) = -194*a + 1728. Calculate v(9).
-18
Let k(r) = -r**3 + 86*r**2 - 253*r + 327. What is k(83)?
-5
Let q(p) = 7360*p - 7344. Determine q(1).
16
Let x(n) = 928*n - 4649. Give x(5).
-9
Let d(b) = -2477*b + 4897. Calculate d(2).
-57
Let c(i) = i**3 - 50*i**2 - 114*i + 526. Determine c(52).
6
Let y(s) = -18*s**2 - 97*s - 276. Calculate y(-5).
-241
Let a(b) = -17*b**2 + 83*b + 100. Give a(6).
-14
Let y(x) = -x**3 - 68*x**2 - 1119*x - 27. What is y(-28)?
-55
Let m(c) = -c**3 - c**2 + 4*c + 70. Give m(4).
6
Let l(z) = -z**3 + 11*z**2 + 24*z - 77. What is l(12)?
67
Let p(i) = 2*i**3 - 12*i**2 - 92*i + 127. Give p(10).
7
Let o(d) = 44*d**2 + 11*d - 45. Determine o(3).
384
Let w(t) = -t**2 + 207*t - 1423. What is w(7)?
-23
Let w(h) = h**3 - 5*h**2 - 33*h + 32. Determine w(8).
-40
Let q(o) = -16*o**2 - 131*o - 244. Give q(-5).
11
Let l(r) = -r**3 - 55*r**2 - 37*r + 922. Determine l(-54).
4
Let k(i) = 2*i**3 + 23*i**2 + 18*i + 86. Determine k(-11).
9
Let n(s) = -s**3 + 10*s**2 - 12*s - 34. What is n(10)?
-154
Let d(h) = -74*h - 2088. Calculate d(-29).
58
Let d(o) = -51*o - 2544. Give d(-49).
-45
Let f(o) = 13*o**3 + 196*o**2 + 10*o - 72. Calculate f(-15).
3
Let i(a) = -3*a**2 - 24*a - 182. What is i(-6)?
-146
Let f(q) = -q**3 + 34*q**2 + 69*q + 480. Determine f(36).
372
Let k(g) = 2*g**2 + 42*g - 28. What is k(-23)?
64
Let t(z) = -z**2 - 29*z - 99. What is t(-33)?
-231
Let x(u) = u**3 + 11*u**2 + 45*u + 169. What is x(-8)?
1
Let d(j) = j**2 - 69*j + 1040. Give d(22).
6
Let o(c) = -7*c + 669. What is o(-7)?
718
Let g(s) = -s**2 + 624*s - 2488. Give g(4).
-8
Let c(z) = -z**3 + 19*z**2 + 320*z - 126. Determine c(-11).
-16
Let k(t) = 15*t**2 - 7*t - 6. Determine k(4).
206
Let z(a) = -2*a**2 - 27*a + 6015. What is z(-62)?
1
Let t(d) = -d**2 + 158*d - 742. Calculate t(5).
23
Let r(g) = 15*g + 197. Calculate r(0).
197
Let b(r) = r**3 + 38*r**2 + 40*r + 86. Calculate b(-37).
-25
Let r(y) = -3*y**2 - 62*y + 141. Calculate r(-22).
53
Let h(o) = 5*o**2 + 287*o - 5471. Give h(15).
-41
Let s(w) = -w**3 + 29*w**2 - 95*w - 172. Calculate s(25).
-47
Let s(w) = w**3 - 6*w**2 - 30*w - 6. What is s(9)?
-33
Let j(o) = -o**3 - 26*o**2 + 17*o + 1055. Calculate j(-25).
5
Let g(u) = -11*u + 194. What is g(17)?
7
Let w(b) = 4*b**3 - 13*b**2 - 2*b + 4. Calculate w(4).
44
Let c(k) = k**3 - 19*k**2 - 20*k - 9. What is c(20)?
-9
Let m(h) = 321*h - 2885. Determine m(9).
4
Let d(c) = 40*c + 173. Determine d(-5).
-27
Let h(m) = m**3 + 120*m**2 - 638*m - 1616. Determine h(-125).
9
Let g(l) = 116*l + 1733. Determine g(-15).
-7
Let a(z) = -z**2 + 380*z - 1498. Determine a(4).
6
Let l(x) = 4*x**3 - 10*x**2 + 7*x + 8. Calculate l(2).
14
Let t(c) = c**3 - 25*c**2 + 135*c + 8. Calculate t(17).
-9
Let p(j) = 12115*j - 36349. What is p(3)?
-4
Let x(c) = c**3 + 9*c**2 - 41*c - 200. Calculate x(-11).
9
Let t(s) = s**2 - 533*s + 7806. What is t(15)?
36
Let d(h) = h**3 + 3*h**2 - 36*h + 188. Give d(7).
426
Let n(f) = 328*f - 3647. Give n(11).
-39
Let z(q) = -167*q - 5466. What is z(-33)?
45
Let p(j) = j**3 + 50*j**2 + 359*j - 408. What is p(-41)?
2
Let d(c) = c**2 - 11*c + 53. Calculate d(16).
133
Let p(h) = 8*h - 54. What is p(-19)?
-206
Let g(h) = -92*h - 61. Calculate g(-1).
31
Let l(d) = -3531*d + 10604. What is l(3)?
11
Let r(q) = 105*q**3 + q**2 - 3*q + 2. Give r(1).
105
Let i(k) = -k**2 - 584*k + 4733. Calculate i(8).
-3
Let a(y) = y**3 - 5*y**2 - 107*y + 647. Calculat